{"id":3743,"date":"2022-10-19T08:10:01","date_gmt":"2022-10-19T18:10:01","guid":{"rendered":"https:\/\/eurohiti.ddec.pf\/?page_id=3743"},"modified":"2026-02-26T15:47:38","modified_gmt":"2026-02-27T01:47:38","slug":"notre-actu","status":"publish","type":"page","link":"https:\/\/eurohiti.ddec.pf\/index.php\/notre-actu\/","title":{"rendered":"Notre Actu"},"content":{"rendered":"\t\t<div data-elementor-type=\"wp-page\" data-elementor-id=\"3743\" class=\"elementor elementor-3743\">\n\t\t\t\t\t\t<section class=\"elementor-section elementor-top-section elementor-element elementor-element-7203bee elementor-section-boxed elementor-section-height-default elementor-section-height-default\" data-id=\"7203bee\" data-element_type=\"section\" data-e-type=\"section\">\n\t\t\t\t\t\t<div class=\"elementor-container elementor-column-gap-default\">\n\t\t\t\t\t<div class=\"elementor-column elementor-col-50 elementor-top-column elementor-element elementor-element-ed88ca6\" data-id=\"ed88ca6\" data-element_type=\"column\" data-e-type=\"column\">\n\t\t\t<div class=\"elementor-widget-wrap elementor-element-populated\">\n\t\t\t\t\t\t<div class=\"elementor-element elementor-element-c28bd19 elementor-widget elementor-widget-image\" data-id=\"c28bd19\" data-element_type=\"widget\" data-e-type=\"widget\" data-widget_type=\"image.default\">\n\t\t\t\t<div class=\"elementor-widget-container\">\n\t\t\t\t\t\t\t\t\t\t\t\t\t\t\t<img fetchpriority=\"high\" decoding=\"async\" width=\"950\" height=\"713\" src=\"https:\/\/eurohiti.ddec.pf\/wp-content\/uploads\/2026\/02\/IMG_6547-1024x768.jpeg\" class=\"attachment-large size-large wp-image-6420\" alt=\"\" srcset=\"https:\/\/eurohiti.ddec.pf\/wp-content\/uploads\/2026\/02\/IMG_6547-1024x768.jpeg 1024w, https:\/\/eurohiti.ddec.pf\/wp-content\/uploads\/2026\/02\/IMG_6547-300x225.jpeg 300w, https:\/\/eurohiti.ddec.pf\/wp-content\/uploads\/2026\/02\/IMG_6547-2000x1500.jpeg 2000w, https:\/\/eurohiti.ddec.pf\/wp-content\/uploads\/2026\/02\/IMG_6547-scaled-1536x1152.jpeg 1536w, https:\/\/eurohiti.ddec.pf\/wp-content\/uploads\/2026\/02\/IMG_6547-scaled-2048x1536.jpeg 2048w\" sizes=\"100vw\" \/>\t\t\t\t\t\t\t\t\t\t\t\t\t\t\t<\/div>\n\t\t\t\t<\/div>\n\t\t\t\t\t<\/div>\n\t\t<\/div>\n\t\t\t\t<div class=\"elementor-column elementor-col-50 elementor-top-column elementor-element elementor-element-b1271cb\" data-id=\"b1271cb\" data-element_type=\"column\" data-e-type=\"column\">\n\t\t\t<div class=\"elementor-widget-wrap elementor-element-populated\">\n\t\t\t\t\t\t<div class=\"elementor-element elementor-element-759f85a elementor-widget elementor-widget-image\" data-id=\"759f85a\" data-element_type=\"widget\" data-e-type=\"widget\" data-widget_type=\"image.default\">\n\t\t\t\t<div class=\"elementor-widget-container\">\n\t\t\t\t\t\t\t\t\t\t\t\t<figure class=\"wp-caption\">\n\t\t\t\t\t\t\t\t\t\t<img decoding=\"async\" width=\"950\" height=\"713\" src=\"https:\/\/eurohiti.ddec.pf\/wp-content\/uploads\/2026\/02\/IMG_6550-1-1024x768.jpeg\" class=\"attachment-large size-large wp-image-6426\" alt=\"\u00c9mirats arabes unis\" srcset=\"https:\/\/eurohiti.ddec.pf\/wp-content\/uploads\/2026\/02\/IMG_6550-1-1024x768.jpeg 1024w, https:\/\/eurohiti.ddec.pf\/wp-content\/uploads\/2026\/02\/IMG_6550-1-300x225.jpeg 300w, https:\/\/eurohiti.ddec.pf\/wp-content\/uploads\/2026\/02\/IMG_6550-1-2000x1500.jpeg 2000w, https:\/\/eurohiti.ddec.pf\/wp-content\/uploads\/2026\/02\/IMG_6550-1-scaled-1536x1152.jpeg 1536w, https:\/\/eurohiti.ddec.pf\/wp-content\/uploads\/2026\/02\/IMG_6550-1-scaled-2048x1536.jpeg 2048w\" sizes=\"100vw\" \/>\t\t\t\t\t\t\t\t\t\t\t<figcaption class=\"widget-image-caption wp-caption-text\">As-sal\u0101mu alaykum! Bienvenu aux \u00c9mirats arabes unis pour une immersion en BTS CI selon les rituels culturels \u00e9miratis pour la n\u00e9gociation \u00e0 l'international.<\/figcaption>\n\t\t\t\t\t\t\t\t\t\t<\/figure>\n\t\t\t\t\t\t\t\t\t<\/div>\n\t\t\t\t<\/div>\n\t\t\t\t\t<\/div>\n\t\t<\/div>\n\t\t\t\t\t<\/div>\n\t\t<\/section>\n\t\t\t\t<section class=\"elementor-section elementor-top-section elementor-element elementor-element-a5d2ba6 elementor-section-boxed elementor-section-height-default elementor-section-height-default\" data-id=\"a5d2ba6\" data-element_type=\"section\" data-e-type=\"section\">\n\t\t\t\t\t\t<div class=\"elementor-container elementor-column-gap-default\">\n\t\t\t\t\t<div class=\"elementor-column elementor-col-50 elementor-top-column elementor-element elementor-element-65889b1\" data-id=\"65889b1\" data-element_type=\"column\" data-e-type=\"column\">\n\t\t\t<div class=\"elementor-widget-wrap elementor-element-populated\">\n\t\t\t\t\t\t<div class=\"elementor-element elementor-element-8f31e6f elementor-widget elementor-widget-image\" data-id=\"8f31e6f\" data-element_type=\"widget\" data-e-type=\"widget\" data-widget_type=\"image.default\">\n\t\t\t\t<div class=\"elementor-widget-container\">\n\t\t\t\t\t\t\t\t\t\t\t\t<figure class=\"wp-caption\">\n\t\t\t\t\t\t\t\t\t\t<img decoding=\"async\" width=\"950\" height=\"713\" src=\"https:\/\/eurohiti.ddec.pf\/wp-content\/uploads\/2026\/02\/IMG_6544-1024x768.jpeg\" class=\"attachment-large size-large wp-image-6419\" alt=\"N\u01d0 h\u01ceo! Bienvenu en immersion en classe de BTS CI avec la d\u00e9couverte de la n\u00e9gociation inter culturelle selon la culture du pays.\" srcset=\"https:\/\/eurohiti.ddec.pf\/wp-content\/uploads\/2026\/02\/IMG_6544-1024x768.jpeg 1024w, https:\/\/eurohiti.ddec.pf\/wp-content\/uploads\/2026\/02\/IMG_6544-300x225.jpeg 300w, https:\/\/eurohiti.ddec.pf\/wp-content\/uploads\/2026\/02\/IMG_6544-2000x1500.jpeg 2000w, https:\/\/eurohiti.ddec.pf\/wp-content\/uploads\/2026\/02\/IMG_6544-scaled-1536x1152.jpeg 1536w, https:\/\/eurohiti.ddec.pf\/wp-content\/uploads\/2026\/02\/IMG_6544-scaled-2048x1536.jpeg 2048w\" sizes=\"100vw\" \/>\t\t\t\t\t\t\t\t\t\t\t<figcaption class=\"widget-image-caption wp-caption-text\">N\u01d0 h\u01ceo! Bienvenu en immersion en classe de BTS CI avec la d\u00e9couverte de la n\u00e9gociation inter culturelle selon la culture du pays.<\/figcaption>\n\t\t\t\t\t\t\t\t\t\t<\/figure>\n\t\t\t\t\t\t\t\t\t<\/div>\n\t\t\t\t<\/div>\n\t\t\t\t\t<\/div>\n\t\t<\/div>\n\t\t\t\t<div class=\"elementor-column elementor-col-50 elementor-top-column elementor-element elementor-element-93e3d4b\" data-id=\"93e3d4b\" data-element_type=\"column\" data-e-type=\"column\">\n\t\t\t<div class=\"elementor-widget-wrap elementor-element-populated\">\n\t\t\t\t\t\t<div class=\"elementor-element elementor-element-f5453d6 elementor-widget elementor-widget-image\" data-id=\"f5453d6\" data-element_type=\"widget\" data-e-type=\"widget\" data-widget_type=\"image.default\">\n\t\t\t\t<div class=\"elementor-widget-container\">\n\t\t\t\t\t\t\t\t\t\t\t\t<figure class=\"wp-caption\">\n\t\t\t\t\t\t\t\t\t\t<img loading=\"lazy\" decoding=\"async\" width=\"950\" height=\"713\" src=\"https:\/\/eurohiti.ddec.pf\/wp-content\/uploads\/2026\/02\/IMG_6562-1024x768.jpeg\" class=\"attachment-large size-large wp-image-6428\" alt=\"\" srcset=\"https:\/\/eurohiti.ddec.pf\/wp-content\/uploads\/2026\/02\/IMG_6562-1024x768.jpeg 1024w, https:\/\/eurohiti.ddec.pf\/wp-content\/uploads\/2026\/02\/IMG_6562-300x225.jpeg 300w, https:\/\/eurohiti.ddec.pf\/wp-content\/uploads\/2026\/02\/IMG_6562-2000x1500.jpeg 2000w, https:\/\/eurohiti.ddec.pf\/wp-content\/uploads\/2026\/02\/IMG_6562-scaled-1536x1152.jpeg 1536w, https:\/\/eurohiti.ddec.pf\/wp-content\/uploads\/2026\/02\/IMG_6562-scaled-2048x1536.jpeg 2048w\" sizes=\"100vw\" \/>\t\t\t\t\t\t\t\t\t\t\t<figcaption class=\"widget-image-caption wp-caption-text\"><\/figcaption>\n\t\t\t\t\t\t\t\t\t\t<\/figure>\n\t\t\t\t\t\t\t\t\t<\/div>\n\t\t\t\t<\/div>\n\t\t\t\t\t<\/div>\n\t\t<\/div>\n\t\t\t\t\t<\/div>\n\t\t<\/section>\n\t\t\t\t<section class=\"elementor-section elementor-top-section elementor-element elementor-element-f2c77d1 elementor-section-boxed elementor-section-height-default elementor-section-height-default\" data-id=\"f2c77d1\" data-element_type=\"section\" data-e-type=\"section\">\n\t\t\t\t\t\t<div class=\"elementor-container elementor-column-gap-default\">\n\t\t\t\t\t<div class=\"elementor-column elementor-col-50 elementor-top-column elementor-element elementor-element-ccbabc1\" data-id=\"ccbabc1\" data-element_type=\"column\" data-e-type=\"column\">\n\t\t\t<div class=\"elementor-widget-wrap elementor-element-populated\">\n\t\t\t\t\t\t<div class=\"elementor-element elementor-element-325d8f3 elementor-widget elementor-widget-image\" data-id=\"325d8f3\" data-element_type=\"widget\" data-e-type=\"widget\" data-widget_type=\"image.default\">\n\t\t\t\t<div class=\"elementor-widget-container\">\n\t\t\t\t\t\t\t\t\t\t\t\t\t\t\t<img loading=\"lazy\" decoding=\"async\" width=\"950\" height=\"713\" src=\"https:\/\/eurohiti.ddec.pf\/wp-content\/uploads\/2026\/02\/IMG_6543-1024x768.jpeg\" class=\"attachment-large size-large wp-image-6418\" alt=\"\" srcset=\"https:\/\/eurohiti.ddec.pf\/wp-content\/uploads\/2026\/02\/IMG_6543-1024x768.jpeg 1024w, https:\/\/eurohiti.ddec.pf\/wp-content\/uploads\/2026\/02\/IMG_6543-300x225.jpeg 300w, https:\/\/eurohiti.ddec.pf\/wp-content\/uploads\/2026\/02\/IMG_6543-2000x1500.jpeg 2000w, https:\/\/eurohiti.ddec.pf\/wp-content\/uploads\/2026\/02\/IMG_6543-scaled-1536x1152.jpeg 1536w, https:\/\/eurohiti.ddec.pf\/wp-content\/uploads\/2026\/02\/IMG_6543-scaled-2048x1536.jpeg 2048w\" sizes=\"100vw\" \/>\t\t\t\t\t\t\t\t\t\t\t\t\t\t\t<\/div>\n\t\t\t\t<\/div>\n\t\t\t\t\t<\/div>\n\t\t<\/div>\n\t\t\t\t<div class=\"elementor-column elementor-col-50 elementor-top-column elementor-element elementor-element-382fe38\" data-id=\"382fe38\" data-element_type=\"column\" data-e-type=\"column\">\n\t\t\t<div class=\"elementor-widget-wrap elementor-element-populated\">\n\t\t\t\t\t\t<div class=\"elementor-element elementor-element-797b97a elementor-widget elementor-widget-image\" data-id=\"797b97a\" data-element_type=\"widget\" data-e-type=\"widget\" data-widget_type=\"image.default\">\n\t\t\t\t<div class=\"elementor-widget-container\">\n\t\t\t\t\t\t\t\t\t\t\t\t<figure class=\"wp-caption\">\n\t\t\t\t\t\t\t\t\t\t<img loading=\"lazy\" decoding=\"async\" width=\"950\" height=\"713\" src=\"https:\/\/eurohiti.ddec.pf\/wp-content\/uploads\/2026\/02\/IMG_6551-1024x768.jpeg\" class=\"attachment-large size-large wp-image-6427\" alt=\"\" srcset=\"https:\/\/eurohiti.ddec.pf\/wp-content\/uploads\/2026\/02\/IMG_6551-1024x768.jpeg 1024w, https:\/\/eurohiti.ddec.pf\/wp-content\/uploads\/2026\/02\/IMG_6551-300x225.jpeg 300w, https:\/\/eurohiti.ddec.pf\/wp-content\/uploads\/2026\/02\/IMG_6551-2000x1500.jpeg 2000w, https:\/\/eurohiti.ddec.pf\/wp-content\/uploads\/2026\/02\/IMG_6551-scaled-1536x1152.jpeg 1536w, https:\/\/eurohiti.ddec.pf\/wp-content\/uploads\/2026\/02\/IMG_6551-scaled-2048x1536.jpeg 2048w\" sizes=\"100vw\" \/>\t\t\t\t\t\t\t\t\t\t\t<figcaption class=\"widget-image-caption wp-caption-text\">Ola et bienvenida en Espana!\nRetour en images d'une immersion en BTS CI, r\u00e9alis\u00e9e le 26 f\u00e9vrier 2026, afin d'\u00e9clairer les \u00e9l\u00e8ves de Terminale dans leurs choix d'orientation sur Parcours sup.<\/figcaption>\n\t\t\t\t\t\t\t\t\t\t<\/figure>\n\t\t\t\t\t\t\t\t\t<\/div>\n\t\t\t\t<\/div>\n\t\t\t\t\t<\/div>\n\t\t<\/div>\n\t\t\t\t\t<\/div>\n\t\t<\/section>\n\t\t\t\t<section class=\"elementor-section elementor-top-section elementor-element elementor-element-235a98a elementor-section-boxed elementor-section-height-default elementor-section-height-default\" data-id=\"235a98a\" data-element_type=\"section\" data-e-type=\"section\">\n\t\t\t\t\t\t<div class=\"elementor-container elementor-column-gap-default\">\n\t\t\t\t\t<div class=\"elementor-column elementor-col-100 elementor-top-column elementor-element elementor-element-213a2f99\" data-id=\"213a2f99\" data-element_type=\"column\" data-e-type=\"column\">\n\t\t\t<div class=\"elementor-widget-wrap elementor-element-populated\">\n\t\t\t\t\t\t<div class=\"elementor-element elementor-element-ffc7c3d elementor-widget elementor-widget-image\" data-id=\"ffc7c3d\" data-element_type=\"widget\" data-e-type=\"widget\" data-widget_type=\"image.default\">\n\t\t\t\t<div class=\"elementor-widget-container\">\n\t\t\t\t\t\t\t\t\t\t\t\t<figure class=\"wp-caption\">\n\t\t\t\t\t\t\t\t\t\t<img loading=\"lazy\" decoding=\"async\" width=\"950\" height=\"713\" src=\"https:\/\/eurohiti.ddec.pf\/wp-content\/uploads\/2026\/02\/C051B699-0C1E-4011-8242-683F6765D67E_1_105_c.jpeg\" class=\"attachment-large size-large wp-image-6421\" alt=\"Nous avons re\u00e7us 3 Alumnis BTS CI, issus promotion 2025, qui venus pr\u00e9senter la Pr\u00e9pa ATS aux grandes \u00e9coles (Pr\u00e9pa Adaptation Technicien Sup\u00e9rieur).\" srcset=\"https:\/\/eurohiti.ddec.pf\/wp-content\/uploads\/2026\/02\/C051B699-0C1E-4011-8242-683F6765D67E_1_105_c.jpeg 1024w, https:\/\/eurohiti.ddec.pf\/wp-content\/uploads\/2026\/02\/C051B699-0C1E-4011-8242-683F6765D67E_1_105_c-300x225.jpeg 300w\" sizes=\"100vw\" \/>\t\t\t\t\t\t\t\t\t\t\t<figcaption class=\"widget-image-caption wp-caption-text\">Cette pr\u00e9pa ATS, dispens\u00e9e parall\u00e8lement au lyc\u00e9e du Diad\u00e8me et \u00e0 l'UPF, permet de pr\u00e9parer les concours d'admission en 2\u00e8me ann\u00e9e d'\u00e9cole de commerce (int\u00e9gration en Master 1) et valider en parall\u00e8le une Licence 3 Eco-gestion \u00e0 l'UPF.<\/figcaption>\n\t\t\t\t\t\t\t\t\t\t<\/figure>\n\t\t\t\t\t\t\t\t\t<\/div>\n\t\t\t\t<\/div>\n\t\t\t\t<div class=\"elementor-element elementor-element-e677b01 elementor-widget elementor-widget-image\" data-id=\"e677b01\" data-element_type=\"widget\" data-e-type=\"widget\" data-widget_type=\"image.default\">\n\t\t\t\t<div class=\"elementor-widget-container\">\n\t\t\t\t\t\t\t\t\t\t\t\t<figure class=\"wp-caption\">\n\t\t\t\t\t\t\t\t\t\t<img loading=\"lazy\" decoding=\"async\" width=\"950\" height=\"713\" src=\"https:\/\/eurohiti.ddec.pf\/wp-content\/uploads\/2023\/02\/20220909_1441291-1024x768.jpg\" class=\"attachment-large size-large wp-image-5331\" alt=\"\" srcset=\"https:\/\/eurohiti.ddec.pf\/wp-content\/uploads\/2023\/02\/20220909_1441291-1024x768.jpg 1024w, https:\/\/eurohiti.ddec.pf\/wp-content\/uploads\/2023\/02\/20220909_1441291-300x225.jpg 300w, https:\/\/eurohiti.ddec.pf\/wp-content\/uploads\/2023\/02\/20220909_1441291-768x576.jpg 768w, https:\/\/eurohiti.ddec.pf\/wp-content\/uploads\/2023\/02\/20220909_1441291-1536x1152.jpg 1536w, https:\/\/eurohiti.ddec.pf\/wp-content\/uploads\/2023\/02\/20220909_1441291-2048x1536.jpg 2048w, https:\/\/eurohiti.ddec.pf\/wp-content\/uploads\/2023\/02\/20220909_1441291-2000x1500.jpg 2000w, https:\/\/eurohiti.ddec.pf\/wp-content\/uploads\/2023\/02\/20220909_1441291-600x450.jpg 600w\" sizes=\"100vw\" \/>\t\t\t\t\t\t\t\t\t\t\t<figcaption class=\"widget-image-caption wp-caption-text\">Les \u00e9tudiants de BTS CI, promotion 2024, ont r\u00e9alis\u00e9 6 \u00e9tudes de march\u00e9 \u00e0 l'international pour les entreprises Rhum Mana'o, Tahiti Candles et Conserverie de Tahiti.<\/figcaption>\n\t\t\t\t\t\t\t\t\t\t<\/figure>\n\t\t\t\t\t\t\t\t\t<\/div>\n\t\t\t\t<\/div>\n\t\t\t\t<div class=\"elementor-element elementor-element-81a1f19 elementor-widget elementor-widget-image\" data-id=\"81a1f19\" data-element_type=\"widget\" data-e-type=\"widget\" data-widget_type=\"image.default\">\n\t\t\t\t<div class=\"elementor-widget-container\">\n\t\t\t\t\t\t\t\t\t\t\t\t<figure class=\"wp-caption\">\n\t\t\t\t\t\t\t\t\t\t<img loading=\"lazy\" decoding=\"async\" width=\"950\" height=\"713\" src=\"https:\/\/eurohiti.ddec.pf\/wp-content\/uploads\/2023\/02\/Projet-SIO-et-BTS-CI-1024x768.jpg\" class=\"attachment-large size-large wp-image-5329\" alt=\"\" srcset=\"https:\/\/eurohiti.ddec.pf\/wp-content\/uploads\/2023\/02\/Projet-SIO-et-BTS-CI-1024x768.jpg 1024w, https:\/\/eurohiti.ddec.pf\/wp-content\/uploads\/2023\/02\/Projet-SIO-et-BTS-CI-300x225.jpg 300w, https:\/\/eurohiti.ddec.pf\/wp-content\/uploads\/2023\/02\/Projet-SIO-et-BTS-CI-768x576.jpg 768w, https:\/\/eurohiti.ddec.pf\/wp-content\/uploads\/2023\/02\/Projet-SIO-et-BTS-CI-1536x1152.jpg 1536w, https:\/\/eurohiti.ddec.pf\/wp-content\/uploads\/2023\/02\/Projet-SIO-et-BTS-CI-2048x1536.jpg 2048w, https:\/\/eurohiti.ddec.pf\/wp-content\/uploads\/2023\/02\/Projet-SIO-et-BTS-CI-2000x1500.jpg 2000w, https:\/\/eurohiti.ddec.pf\/wp-content\/uploads\/2023\/02\/Projet-SIO-et-BTS-CI-600x450.jpg 600w\" sizes=\"100vw\" \/>\t\t\t\t\t\t\t\t\t\t\t<figcaption class=\"widget-image-caption wp-caption-text\">Les \u00e9tudiants de BTS SIO du lyc\u00e9e La Mennais ont r\u00e9alis\u00e9 le site internet de l'association EUROHITI et partag\u00e9 leurs connaissances avec les BTS CI!\nThank you very much!!<\/figcaption>\n\t\t\t\t\t\t\t\t\t\t<\/figure>\n\t\t\t\t\t\t\t\t\t<\/div>\n\t\t\t\t<\/div>\n\t\t\t\t\t<\/div>\n\t\t<\/div>\n\t\t\t\t\t<\/div>\n\t\t<\/section>\n\t\t\t\t<\/div>\n\t\t","protected":false},"excerpt":{"rendered":"<p>As-sal\u0101mu alaykum! Bienvenu aux \u00c9mirats arabes unis pour une immersion en BTS CI selon les rituels culturels \u00e9miratis pour la n\u00e9gociation \u00e0 l&rsquo;international. N\u01d0 h\u01ceo! Bienvenu en immersion en classe de BTS CI avec la d\u00e9couverte de la n\u00e9gociation inter culturelle selon la culture du pays. Ola et bienvenida en Espana! Retour en images d&rsquo;une &hellip; <\/p>\n<p class=\"link-more\"><a href=\"https:\/\/eurohiti.ddec.pf\/index.php\/notre-actu\/\" class=\"more-link\">Lire la suite de<span class=\"screen-reader-text\">\u00ab\u00a0Notre Actu\u00a0\u00bb<\/span><\/a><\/p>\n","protected":false},"author":1,"featured_media":0,"parent":0,"menu_order":0,"comment_status":"closed","ping_status":"closed","template":"","meta":{"inspiro_hide_title":false,"footnotes":""},"class_list":["post-3743","page","type-page","status-publish","hentry"],"_links":{"self":[{"href":"https:\/\/eurohiti.ddec.pf\/index.php\/wp-json\/wp\/v2\/pages\/3743","targetHints":{"allow":["GET"]}}],"collection":[{"href":"https:\/\/eurohiti.ddec.pf\/index.php\/wp-json\/wp\/v2\/pages"}],"about":[{"href":"https:\/\/eurohiti.ddec.pf\/index.php\/wp-json\/wp\/v2\/types\/page"}],"author":[{"embeddable":true,"href":"https:\/\/eurohiti.ddec.pf\/index.php\/wp-json\/wp\/v2\/users\/1"}],"replies":[{"embeddable":true,"href":"https:\/\/eurohiti.ddec.pf\/index.php\/wp-json\/wp\/v2\/comments?post=3743"}],"version-history":[{"count":19,"href":"https:\/\/eurohiti.ddec.pf\/index.php\/wp-json\/wp\/v2\/pages\/3743\/revisions"}],"predecessor-version":[{"id":6432,"href":"https:\/\/eurohiti.ddec.pf\/index.php\/wp-json\/wp\/v2\/pages\/3743\/revisions\/6432"}],"wp:attachment":[{"href":"https:\/\/eurohiti.ddec.pf\/index.php\/wp-json\/wp\/v2\/media?parent=3743"}],"curies":[{"name":"wp","href":"https:\/\/api.w.org\/{rel}","templated":true}]}}