{"id":2085,"date":"2022-08-24T10:19:52","date_gmt":"2022-08-24T20:19:52","guid":{"rendered":"https:\/eurohiti.ddec.pf\/?page_id=2085"},"modified":"2023-02-08T16:53:00","modified_gmt":"2023-02-09T02:53:00","slug":"whats-the-time-in","status":"publish","type":"page","link":"https:\/\/eurohiti.ddec.pf\/index.php\/whats-the-time-in\/","title":{"rendered":"What&rsquo;s the time in &#8230;"},"content":{"rendered":"\t\t<div data-elementor-type=\"wp-page\" data-elementor-id=\"2085\" class=\"elementor elementor-2085\">\n\t\t\t\t\t\t<section class=\"elementor-section elementor-top-section elementor-element elementor-element-42527b6 elementor-section-boxed elementor-section-height-default elementor-section-height-default\" data-id=\"42527b6\" data-element_type=\"section\" data-e-type=\"section\">\n\t\t\t\t\t\t<div class=\"elementor-container elementor-column-gap-default\">\n\t\t\t\t\t<div class=\"elementor-column elementor-col-33 elementor-top-column elementor-element elementor-element-f1fe251\" data-id=\"f1fe251\" data-element_type=\"column\" data-e-type=\"column\">\n\t\t\t<div class=\"elementor-widget-wrap elementor-element-populated\">\n\t\t\t\t\t\t<div class=\"elementor-element elementor-element-00f05d9 elementor-widget elementor-widget-text-editor\" data-id=\"00f05d9\" data-element_type=\"widget\" data-e-type=\"widget\" data-widget_type=\"text-editor.default\">\n\t\t\t\t<div class=\"elementor-widget-container\">\n\t\t\t\t\t\t\t\t\t<h3>La Polyn\u00e9sie Fran\u00e7aise est positionn\u00e9e sur le fuseau horaire de Hawaii: UTC\/GMT-10<\/h3><p>L&rsquo;heure de Tahiti ne pr\u00e9voit pas l&rsquo;heure d&rsquo;\u00e9t\u00e9. Le d\u00e9calage horaire avec <a href=\"https:\/\/www.donneesmondiales.com\/fuseaux-horaires\/cet-central-european-time.php\">l&rsquo;heure standard de l&rsquo;Europe centrale<\/a> (CET) est de -11 heures. Pendant l&rsquo;heure d&rsquo;\u00e9t\u00e9 d&rsquo;Europe centrale (CEST), la diff\u00e9rence est de -12 heures.<\/p>\t\t\t\t\t\t\t\t<\/div>\n\t\t\t\t<\/div>\n\t\t\t\t\t<\/div>\n\t\t<\/div>\n\t\t\t\t<div class=\"elementor-column elementor-col-66 elementor-top-column elementor-element elementor-element-ce8590f\" data-id=\"ce8590f\" data-element_type=\"column\" data-e-type=\"column\">\n\t\t\t<div class=\"elementor-widget-wrap elementor-element-populated\">\n\t\t\t\t\t\t<div class=\"elementor-element elementor-element-dbe8bc2 elementor-widget elementor-widget-html\" data-id=\"dbe8bc2\" data-element_type=\"widget\" data-e-type=\"widget\" data-widget_type=\"html.default\">\n\t\t\t\t<div class=\"elementor-widget-container\">\n\t\t\t\t\t<div style=\"text-align:center;padding:1em 0;\"> <h3><a style=\"text-decoration:none;\" href=\"https:\/\/www.zeitverschiebung.net\/fr\/timezone\/pacific--tahiti\"><span style=\"color:gray;\">Heure actuelle<\/span><br \/>Pacific\/Tahiti<\/a><\/h3> <iframe src=\"https:\/\/www.zeitverschiebung.net\/clock-widget-iframe-v2?language=fr&size=medium&timezone=Pacific%2FTahiti\" width=\"100%\" height=\"115\" frameborder=\"0\" seamless><\/iframe> <\/div>\t\t\t\t<\/div>\n\t\t\t\t<\/div>\n\t\t\t\t\t<\/div>\n\t\t<\/div>\n\t\t\t\t\t<\/div>\n\t\t<\/section>\n\t\t\t\t<section class=\"elementor-section elementor-top-section elementor-element elementor-element-2111f89 elementor-section-boxed elementor-section-height-default elementor-section-height-default\" data-id=\"2111f89\" data-element_type=\"section\" data-e-type=\"section\">\n\t\t\t\t\t\t<div class=\"elementor-container elementor-column-gap-default\">\n\t\t\t\t\t<div class=\"elementor-column elementor-col-33 elementor-top-column elementor-element elementor-element-49a42de\" data-id=\"49a42de\" data-element_type=\"column\" data-e-type=\"column\">\n\t\t\t<div class=\"elementor-widget-wrap elementor-element-populated\">\n\t\t\t\t\t\t<div class=\"elementor-element elementor-element-6688b40 elementor-widget elementor-widget-html\" data-id=\"6688b40\" data-element_type=\"widget\" data-e-type=\"widget\" data-widget_type=\"html.default\">\n\t\t\t\t<div class=\"elementor-widget-container\">\n\t\t\t\t\t<div style=\"text-align:center;padding:1em 0;\"> <h4><a style=\"text-decoration:none;\" href=\"https:\/\/www.zeitverschiebung.net\/fr\/city\/2988507\"><span style=\"color:gray;\">Heure actuelle<\/span><br \/>Paris, France<\/a><\/h4> <iframe src=\"https:\/\/www.zeitverschiebung.net\/clock-widget-iframe-v2?language=fr&size=small&timezone=Europe%2FParis\" width=\"100%\" height=\"90\" frameborder=\"0\" seamless><\/iframe> <\/div>\t\t\t\t<\/div>\n\t\t\t\t<\/div>\n\t\t\t\t\t<\/div>\n\t\t<\/div>\n\t\t\t\t<div class=\"elementor-column elementor-col-33 elementor-top-column elementor-element elementor-element-111e36f\" data-id=\"111e36f\" data-element_type=\"column\" data-e-type=\"column\">\n\t\t\t<div class=\"elementor-widget-wrap elementor-element-populated\">\n\t\t\t\t\t\t<div class=\"elementor-element elementor-element-a0c6e94 elementor-widget elementor-widget-html\" data-id=\"a0c6e94\" data-element_type=\"widget\" data-e-type=\"widget\" data-widget_type=\"html.default\">\n\t\t\t\t<div class=\"elementor-widget-container\">\n\t\t\t\t\t<div style=\"text-align:center;padding:1em 0;\"> <h4><a style=\"text-decoration:none;\" href=\"https:\/\/www.zeitverschiebung.net\/fr\/city\/3117735\"><span style=\"color:gray;\">Heure actuelle<\/span><br \/>Madrid, Espagne<\/a><\/h4> <iframe src=\"https:\/\/www.zeitverschiebung.net\/clock-widget-iframe-v2?language=fr&size=small&timezone=Europe%2FMadrid\" width=\"100%\" height=\"90\" frameborder=\"0\" seamless><\/iframe> <\/div>\t\t\t\t<\/div>\n\t\t\t\t<\/div>\n\t\t\t\t\t<\/div>\n\t\t<\/div>\n\t\t\t\t<div class=\"elementor-column elementor-col-33 elementor-top-column elementor-element elementor-element-8cc711a\" data-id=\"8cc711a\" data-element_type=\"column\" data-e-type=\"column\">\n\t\t\t<div class=\"elementor-widget-wrap elementor-element-populated\">\n\t\t\t\t\t\t<div class=\"elementor-element elementor-element-07e6da0 elementor-widget elementor-widget-html\" data-id=\"07e6da0\" data-element_type=\"widget\" data-e-type=\"widget\" data-widget_type=\"html.default\">\n\t\t\t\t<div class=\"elementor-widget-container\">\n\t\t\t\t\t<div style=\"text-align:center;padding:1em 0;\"> <h4><a style=\"text-decoration:none;\" href=\"https:\/\/www.zeitverschiebung.net\/fr\/city\/2643743\"><span style=\"color:gray;\">Heure actuelle<\/span><br \/>London, Royaume-Uni<\/a><\/h4> <iframe src=\"https:\/\/www.zeitverschiebung.net\/clock-widget-iframe-v2?language=fr&size=small&timezone=Europe%2FLondon\" width=\"100%\" height=\"90\" frameborder=\"0\" seamless><\/iframe> <\/div>\t\t\t\t<\/div>\n\t\t\t\t<\/div>\n\t\t\t\t\t<\/div>\n\t\t<\/div>\n\t\t\t\t\t<\/div>\n\t\t<\/section>\n\t\t\t\t<section class=\"elementor-section elementor-top-section elementor-element elementor-element-a81efdc elementor-section-boxed elementor-section-height-default elementor-section-height-default\" data-id=\"a81efdc\" data-element_type=\"section\" data-e-type=\"section\">\n\t\t\t\t\t\t<div class=\"elementor-container elementor-column-gap-default\">\n\t\t\t\t\t<div class=\"elementor-column elementor-col-33 elementor-top-column elementor-element elementor-element-fe568f9\" data-id=\"fe568f9\" data-element_type=\"column\" data-e-type=\"column\">\n\t\t\t<div class=\"elementor-widget-wrap elementor-element-populated\">\n\t\t\t\t\t\t<div class=\"elementor-element elementor-element-342dde7 elementor-widget elementor-widget-html\" data-id=\"342dde7\" data-element_type=\"widget\" data-e-type=\"widget\" data-widget_type=\"html.default\">\n\t\t\t\t<div class=\"elementor-widget-container\">\n\t\t\t\t\t<div style=\"text-align:center;padding:1em 0;\"> <h4><a style=\"text-decoration:none;\" href=\"https:\/\/www.zeitverschiebung.net\/fr\/city\/2193733\"><span style=\"color:gray;\">Heure actuelle<\/span><br \/>Auckland, Nouvelle Z\u00e9lande<\/a><\/h4> <iframe src=\"https:\/\/www.zeitverschiebung.net\/clock-widget-iframe-v2?language=fr&size=small&timezone=Pacific%2FAuckland\" width=\"100%\" height=\"90\" frameborder=\"0\" seamless><\/iframe> <\/div>\n\t\t\t\t<\/div>\n\t\t\t\t<\/div>\n\t\t\t\t\t<\/div>\n\t\t<\/div>\n\t\t\t\t<div class=\"elementor-column elementor-col-33 elementor-top-column elementor-element elementor-element-0de5fd4\" data-id=\"0de5fd4\" data-element_type=\"column\" data-e-type=\"column\">\n\t\t\t<div class=\"elementor-widget-wrap elementor-element-populated\">\n\t\t\t\t\t\t<div class=\"elementor-element elementor-element-dc76ab4 elementor-widget elementor-widget-html\" data-id=\"dc76ab4\" data-element_type=\"widget\" data-e-type=\"widget\" data-widget_type=\"html.default\">\n\t\t\t\t<div class=\"elementor-widget-container\">\n\t\t\t\t\t<div style=\"text-align:center;padding:1em 0;\"> <h4><a style=\"text-decoration:none;\" href=\"https:\/\/www.zeitverschiebung.net\/fr\/city\/2147714\"><span style=\"color:gray;\">Heure actuelle<\/span><br \/>Sydney, Australie<\/a><\/h4> <iframe src=\"https:\/\/www.zeitverschiebung.net\/clock-widget-iframe-v2?language=fr&size=small&timezone=Australia%2FSydney\" width=\"100%\" height=\"90\" frameborder=\"0\" seamless><\/iframe> <\/div>\t\t\t\t<\/div>\n\t\t\t\t<\/div>\n\t\t\t\t\t<\/div>\n\t\t<\/div>\n\t\t\t\t<div class=\"elementor-column elementor-col-33 elementor-top-column elementor-element elementor-element-38bb564\" data-id=\"38bb564\" data-element_type=\"column\" data-e-type=\"column\">\n\t\t\t<div class=\"elementor-widget-wrap elementor-element-populated\">\n\t\t\t\t\t\t<div class=\"elementor-element elementor-element-f212749 elementor-widget elementor-widget-html\" data-id=\"f212749\" data-element_type=\"widget\" data-e-type=\"widget\" data-widget_type=\"html.default\">\n\t\t\t\t<div class=\"elementor-widget-container\">\n\t\t\t\t\t<div style=\"text-align:center;padding:1em 0;\"> <h4><a style=\"text-decoration:none;\" href=\"https:\/\/www.zeitverschiebung.net\/fr\/city\/5368361\"><span style=\"color:gray;\">Heure actuelle<\/span><br \/>Los Angeles, \u00c9tats-Unis (USA)<\/a><\/h4> <iframe src=\"https:\/\/www.zeitverschiebung.net\/clock-widget-iframe-v2?language=fr&size=small&timezone=America%2FLos_Angeles\" width=\"100%\" height=\"90\" frameborder=\"0\" seamless><\/iframe> <\/div>\t\t\t\t<\/div>\n\t\t\t\t<\/div>\n\t\t\t\t\t<\/div>\n\t\t<\/div>\n\t\t\t\t\t<\/div>\n\t\t<\/section>\n\t\t\t\t<\/div>\n\t\t","protected":false},"excerpt":{"rendered":"<p>La Polyn\u00e9sie Fran\u00e7aise est positionn\u00e9e sur le fuseau horaire de Hawaii: UTC\/GMT-10 L&rsquo;heure de Tahiti ne pr\u00e9voit pas l&rsquo;heure d&rsquo;\u00e9t\u00e9. Le d\u00e9calage horaire avec l&rsquo;heure standard de l&rsquo;Europe centrale (CET) est de -11 heures. Pendant l&rsquo;heure d&rsquo;\u00e9t\u00e9 d&rsquo;Europe centrale (CEST), la diff\u00e9rence est de -12 heures. Heure actuellePacific\/Tahiti Heure actuelleParis, France Heure actuelleMadrid, Espagne Heure &hellip; <\/p>\n<p class=\"link-more\"><a href=\"https:\/\/eurohiti.ddec.pf\/index.php\/whats-the-time-in\/\" class=\"more-link\">Lire la suite de<span class=\"screen-reader-text\">\u00ab\u00a0What&rsquo;s the time in &#8230;\u00a0\u00bb<\/span><\/a><\/p>\n","protected":false},"author":1,"featured_media":0,"parent":0,"menu_order":0,"comment_status":"closed","ping_status":"closed","template":"","meta":{"inspiro_hide_title":false,"footnotes":""},"class_list":["post-2085","page","type-page","status-publish","hentry"],"_links":{"self":[{"href":"https:\/\/eurohiti.ddec.pf\/index.php\/wp-json\/wp\/v2\/pages\/2085","targetHints":{"allow":["GET"]}}],"collection":[{"href":"https:\/\/eurohiti.ddec.pf\/index.php\/wp-json\/wp\/v2\/pages"}],"about":[{"href":"https:\/\/eurohiti.ddec.pf\/index.php\/wp-json\/wp\/v2\/types\/page"}],"author":[{"embeddable":true,"href":"https:\/\/eurohiti.ddec.pf\/index.php\/wp-json\/wp\/v2\/users\/1"}],"replies":[{"embeddable":true,"href":"https:\/\/eurohiti.ddec.pf\/index.php\/wp-json\/wp\/v2\/comments?post=2085"}],"version-history":[{"count":32,"href":"https:\/\/eurohiti.ddec.pf\/index.php\/wp-json\/wp\/v2\/pages\/2085\/revisions"}],"predecessor-version":[{"id":4870,"href":"https:\/\/eurohiti.ddec.pf\/index.php\/wp-json\/wp\/v2\/pages\/2085\/revisions\/4870"}],"wp:attachment":[{"href":"https:\/\/eurohiti.ddec.pf\/index.php\/wp-json\/wp\/v2\/media?parent=2085"}],"curies":[{"name":"wp","href":"https:\/\/api.w.org\/{rel}","templated":true}]}}