{"id":1793,"date":"2022-04-29T12:53:09","date_gmt":"2022-04-29T22:53:09","guid":{"rendered":"https:\/eurohiti.ddec.pf\/?page_id=1793"},"modified":"2026-02-24T14:52:11","modified_gmt":"2026-02-25T00:52:11","slug":"fqsgre","status":"publish","type":"page","link":"https:\/\/eurohiti.ddec.pf\/index.php\/fqsgre\/","title":{"rendered":"Erasmus+"},"content":{"rendered":"\t\t<div data-elementor-type=\"wp-page\" data-elementor-id=\"1793\" class=\"elementor elementor-1793\">\n\t\t\t\t\t\t<section class=\"elementor-section elementor-top-section elementor-element elementor-element-8daaa76 elementor-section-boxed elementor-section-height-default elementor-section-height-default\" data-id=\"8daaa76\" data-element_type=\"section\" data-e-type=\"section\" data-settings=\"{&quot;background_background&quot;:&quot;classic&quot;}\">\n\t\t\t\t\t\t<div class=\"elementor-container elementor-column-gap-default\">\n\t\t\t\t\t<div class=\"elementor-column elementor-col-50 elementor-top-column elementor-element elementor-element-44d48c0\" data-id=\"44d48c0\" data-element_type=\"column\" data-e-type=\"column\">\n\t\t\t<div class=\"elementor-widget-wrap elementor-element-populated\">\n\t\t\t\t\t\t<div class=\"elementor-element elementor-element-563f937 elementor-widget elementor-widget-image\" data-id=\"563f937\" data-element_type=\"widget\" data-e-type=\"widget\" data-widget_type=\"image.default\">\n\t\t\t\t<div class=\"elementor-widget-container\">\n\t\t\t\t\t\t\t\t\t\t\t\t\t\t\t<img fetchpriority=\"high\" decoding=\"async\" width=\"950\" height=\"271\" src=\"https:\/\/eurohiti.ddec.pf\/wp-content\/uploads\/2022\/04\/eu-erasmus_24_1-1024x292.jpg\" class=\"attachment-large size-large wp-image-1800\" alt=\"\" srcset=\"https:\/\/eurohiti.ddec.pf\/wp-content\/uploads\/2022\/04\/eu-erasmus_24_1-1024x292.jpg 1024w, https:\/\/eurohiti.ddec.pf\/wp-content\/uploads\/2022\/04\/eu-erasmus_24_1-300x86.jpg 300w, https:\/\/eurohiti.ddec.pf\/wp-content\/uploads\/2022\/04\/eu-erasmus_24_1-768x219.jpg 768w, https:\/\/eurohiti.ddec.pf\/wp-content\/uploads\/2022\/04\/eu-erasmus_24_1-1536x439.jpg 1536w, https:\/\/eurohiti.ddec.pf\/wp-content\/uploads\/2022\/04\/eu-erasmus_24_1-350x100.jpg 350w, https:\/\/eurohiti.ddec.pf\/wp-content\/uploads\/2022\/04\/eu-erasmus_24_1.jpg 1964w\" sizes=\"100vw\" \/>\t\t\t\t\t\t\t\t\t\t\t\t\t\t\t<\/div>\n\t\t\t\t<\/div>\n\t\t\t\t\t<\/div>\n\t\t<\/div>\n\t\t\t\t<div class=\"elementor-column elementor-col-50 elementor-top-column elementor-element elementor-element-a3a63ad\" data-id=\"a3a63ad\" data-element_type=\"column\" data-e-type=\"column\" data-settings=\"{&quot;background_background&quot;:&quot;classic&quot;}\">\n\t\t\t<div class=\"elementor-widget-wrap elementor-element-populated\">\n\t\t\t\t\t\t<div class=\"elementor-element elementor-element-8371ef7 elementor-widget elementor-widget-text-editor\" data-id=\"8371ef7\" data-element_type=\"widget\" data-e-type=\"widget\" data-widget_type=\"text-editor.default\">\n\t\t\t\t<div class=\"elementor-widget-container\">\n\t\t\t\t\t\t\t\t\t<h2><strong>Qu&rsquo;est-ce que c&rsquo;est ?<\/strong><\/h2><p>Un programme de la Commission Europ\u00e9enne.<br \/>Il couvre plusieurs champs c&rsquo;est-\u00e0-dire l&rsquo;\u00e9ducation, la formation, la jeunesse et le sport.<\/p>\t\t\t\t\t\t\t\t<\/div>\n\t\t\t\t<\/div>\n\t\t\t\t\t<\/div>\n\t\t<\/div>\n\t\t\t\t\t<\/div>\n\t\t<\/section>\n\t\t\t\t<section class=\"elementor-section elementor-top-section elementor-element elementor-element-7554abf elementor-section-boxed elementor-section-height-default elementor-section-height-default\" data-id=\"7554abf\" data-element_type=\"section\" data-e-type=\"section\">\n\t\t\t\t\t\t<div class=\"elementor-container elementor-column-gap-default\">\n\t\t\t\t\t<div class=\"elementor-column elementor-col-33 elementor-top-column elementor-element elementor-element-5a8d701\" data-id=\"5a8d701\" data-element_type=\"column\" data-e-type=\"column\">\n\t\t\t<div class=\"elementor-widget-wrap elementor-element-populated\">\n\t\t\t\t\t\t<div class=\"elementor-element elementor-element-838e3fe elementor-widget elementor-widget-image\" data-id=\"838e3fe\" data-element_type=\"widget\" data-e-type=\"widget\" data-widget_type=\"image.default\">\n\t\t\t\t<div class=\"elementor-widget-container\">\n\t\t\t\t\t\t\t\t\t\t\t\t\t\t\t<img decoding=\"async\" width=\"355\" height=\"142\" src=\"https:\/\/eurohiti.ddec.pf\/wp-content\/uploads\/2022\/04\/images.jpg\" class=\"attachment-large size-large wp-image-1813\" alt=\"\" srcset=\"https:\/\/eurohiti.ddec.pf\/wp-content\/uploads\/2022\/04\/images.jpg 355w, https:\/\/eurohiti.ddec.pf\/wp-content\/uploads\/2022\/04\/images-300x120.jpg 300w\" sizes=\"100vw\" \/>\t\t\t\t\t\t\t\t\t\t\t\t\t\t\t<\/div>\n\t\t\t\t<\/div>\n\t\t\t\t\t<\/div>\n\t\t<\/div>\n\t\t\t\t<div class=\"elementor-column elementor-col-33 elementor-top-column elementor-element elementor-element-89fb774\" data-id=\"89fb774\" data-element_type=\"column\" data-e-type=\"column\" data-settings=\"{&quot;background_background&quot;:&quot;classic&quot;}\">\n\t\t\t<div class=\"elementor-widget-wrap elementor-element-populated\">\n\t\t\t\t\t\t<div class=\"elementor-element elementor-element-b31c578 elementor-widget elementor-widget-text-editor\" data-id=\"b31c578\" data-element_type=\"widget\" data-e-type=\"widget\" data-widget_type=\"text-editor.default\">\n\t\t\t\t<div class=\"elementor-widget-container\">\n\t\t\t\t\t\t\t\t\t<h2>POURQUOI<span class=\"subtitle\"> ?<\/span><\/h2><p>\u00c9tudier, se former, \u00e9changer, vivre de belles exp\u00e9riences<\/p>\t\t\t\t\t\t\t\t<\/div>\n\t\t\t\t<\/div>\n\t\t\t\t\t<\/div>\n\t\t<\/div>\n\t\t\t\t<div class=\"elementor-column elementor-col-33 elementor-top-column elementor-element elementor-element-6833177\" data-id=\"6833177\" data-element_type=\"column\" data-e-type=\"column\">\n\t\t\t<div class=\"elementor-widget-wrap elementor-element-populated\">\n\t\t\t\t\t\t<div class=\"elementor-element elementor-element-d5dbd15 elementor-widget elementor-widget-image\" data-id=\"d5dbd15\" data-element_type=\"widget\" data-e-type=\"widget\" data-widget_type=\"image.default\">\n\t\t\t\t<div class=\"elementor-widget-container\">\n\t\t\t\t\t\t\t\t\t\t\t\t\t\t\t<img decoding=\"async\" width=\"950\" height=\"534\" src=\"https:\/\/eurohiti.ddec.pf\/wp-content\/uploads\/2022\/04\/erasmus-people-news-1024x576.jpg\" class=\"attachment-large size-large wp-image-1829\" alt=\"\" srcset=\"https:\/\/eurohiti.ddec.pf\/wp-content\/uploads\/2022\/04\/erasmus-people-news-1024x576.jpg 1024w, https:\/\/eurohiti.ddec.pf\/wp-content\/uploads\/2022\/04\/erasmus-people-news-300x169.jpg 300w, https:\/\/eurohiti.ddec.pf\/wp-content\/uploads\/2022\/04\/erasmus-people-news-768x432.jpg 768w, https:\/\/eurohiti.ddec.pf\/wp-content\/uploads\/2022\/04\/erasmus-people-news.jpg 1280w\" sizes=\"100vw\" \/>\t\t\t\t\t\t\t\t\t\t\t\t\t\t\t<\/div>\n\t\t\t\t<\/div>\n\t\t\t\t\t<\/div>\n\t\t<\/div>\n\t\t\t\t\t<\/div>\n\t\t<\/section>\n\t\t\t\t<section class=\"elementor-section elementor-top-section elementor-element elementor-element-322ab80 elementor-section-boxed elementor-section-height-default elementor-section-height-default\" data-id=\"322ab80\" data-element_type=\"section\" data-e-type=\"section\">\n\t\t\t\t\t\t<div class=\"elementor-container elementor-column-gap-default\">\n\t\t\t\t\t<div class=\"elementor-column elementor-col-100 elementor-top-column elementor-element elementor-element-61dc05a\" data-id=\"61dc05a\" data-element_type=\"column\" data-e-type=\"column\">\n\t\t\t<div class=\"elementor-widget-wrap elementor-element-populated\">\n\t\t\t\t\t\t\t<\/div>\n\t\t<\/div>\n\t\t\t\t\t<\/div>\n\t\t<\/section>\n\t\t\t\t<section class=\"elementor-section elementor-top-section elementor-element elementor-element-81ff096 elementor-section-boxed elementor-section-height-default elementor-section-height-default\" data-id=\"81ff096\" data-element_type=\"section\" data-e-type=\"section\">\n\t\t\t\t\t\t<div class=\"elementor-container elementor-column-gap-default\">\n\t\t\t\t\t<div class=\"elementor-column elementor-col-100 elementor-top-column elementor-element elementor-element-24d23a9\" data-id=\"24d23a9\" data-element_type=\"column\" data-e-type=\"column\">\n\t\t\t<div class=\"elementor-widget-wrap elementor-element-populated\">\n\t\t\t\t\t\t<div class=\"elementor-element elementor-element-8b2ee5a elementor-widget elementor-widget-heading\" data-id=\"8b2ee5a\" data-element_type=\"widget\" data-e-type=\"widget\" data-widget_type=\"heading.default\">\n\t\t\t\t<div class=\"elementor-widget-container\">\n\t\t\t\t\t<h2 class=\"elementor-heading-title elementor-size-large\">Erasmus + : un programme pour l'\u00e9ducation, la formation,  la jeunesse et le sport <\/h2>\t\t\t\t<\/div>\n\t\t\t\t<\/div>\n\t\t\t\t\t<\/div>\n\t\t<\/div>\n\t\t\t\t\t<\/div>\n\t\t<\/section>\n\t\t\t\t<section class=\"elementor-section elementor-top-section elementor-element elementor-element-3cd4b1a elementor-section-boxed elementor-section-height-default elementor-section-height-default\" data-id=\"3cd4b1a\" data-element_type=\"section\" data-e-type=\"section\">\n\t\t\t\t\t\t<div class=\"elementor-container elementor-column-gap-default\">\n\t\t\t\t\t<div class=\"elementor-column elementor-col-100 elementor-top-column elementor-element elementor-element-a9d6581\" data-id=\"a9d6581\" data-element_type=\"column\" data-e-type=\"column\">\n\t\t\t<div class=\"elementor-widget-wrap elementor-element-populated\">\n\t\t\t\t\t\t<div class=\"elementor-element elementor-element-e80c6a9 elementor-widget elementor-widget-text-editor\" data-id=\"e80c6a9\" data-element_type=\"widget\" data-e-type=\"widget\" data-widget_type=\"text-editor.default\">\n\t\t\t\t<div class=\"elementor-widget-container\">\n\t\t\t\t\t\t\t\t\t<p>Le nouveau programme Erasmus + vise \u00e0 soutenir des actions dans les domaines de l&rsquo;enseignement, de la formation, de la jeunesse et du sport pour la p\u00e9riode 2021-2027. Il apporte notamment un soutien financier.<\/p><p>Le programme s&rsquo;engage \u00e0 donner aux \u00e9tudiants, aux stagiaires, au personnel et d&rsquo;une autre mani\u00e8re g\u00e9n\u00e9rale aux jeunes de moins de 30 ans avec ou sans dipl\u00f4me, la possibilit\u00e9 de s\u00e9journer \u00e0 l&rsquo;\u00e9tranger pour renforcer leurs comp\u00e9tences et accro\u00eetre leur employabilit\u00e9.<\/p><p>Il aide les organisations \u00e0 travailler dans le cadre de partenariats internationaux et \u00e0 partager les pratiques innovantes dans les domaines de l&rsquo;\u00e9ducation, de la formation et de la jeunesse. Erasmus + comporte \u00e9galement une importante dimension internationale notamment dans le domaine de l&rsquo;enseignement sup\u00e9rieur.<\/p><p>Cette dimension permet d&rsquo;ouvrir le programme \u00e0 des activit\u00e9s de coop\u00e9ration institutionnelle, de mobilit\u00e9 des jeunes et du personnel et ce, au niveau mondial.<\/p>\t\t\t\t\t\t\t\t<\/div>\n\t\t\t\t<\/div>\n\t\t\t\t<div class=\"elementor-element elementor-element-c0eec5e elementor-align-center elementor-widget elementor-widget-button\" data-id=\"c0eec5e\" data-element_type=\"widget\" data-e-type=\"widget\" data-settings=\"{&quot;_animation&quot;:&quot;none&quot;}\" data-widget_type=\"button.default\">\n\t\t\t\t<div class=\"elementor-widget-container\">\n\t\t\t\t\t\t\t\t\t<div class=\"elementor-button-wrapper\">\n\t\t\t\t\t<a class=\"elementor-button elementor-button-link elementor-size-sm elementor-animation-push\" href=\"https:\/\/info.erasmusplus.fr\/\">\n\t\t\t\t\t\t<span class=\"elementor-button-content-wrapper\">\n\t\t\t\t\t\t\t\t\t<span class=\"elementor-button-text\">Consultez le site Erasmus+<\/span>\n\t\t\t\t\t<\/span>\n\t\t\t\t\t<\/a>\n\t\t\t\t<\/div>\n\t\t\t\t\t\t\t\t<\/div>\n\t\t\t\t<\/div>\n\t\t\t\t\t<\/div>\n\t\t<\/div>\n\t\t\t\t\t<\/div>\n\t\t<\/section>\n\t\t\t\t<section class=\"elementor-section elementor-top-section elementor-element elementor-element-2aeea39 elementor-section-boxed elementor-section-height-default elementor-section-height-default\" data-id=\"2aeea39\" data-element_type=\"section\" data-e-type=\"section\">\n\t\t\t\t\t\t<div class=\"elementor-container elementor-column-gap-default\">\n\t\t\t\t\t<div class=\"elementor-column elementor-col-100 elementor-top-column elementor-element elementor-element-6e8e369\" data-id=\"6e8e369\" data-element_type=\"column\" data-e-type=\"column\">\n\t\t\t<div class=\"elementor-widget-wrap elementor-element-populated\">\n\t\t\t\t\t\t<div class=\"elementor-element elementor-element-4f447e5 elementor-widget elementor-widget-heading\" data-id=\"4f447e5\" data-element_type=\"widget\" data-e-type=\"widget\" data-widget_type=\"heading.default\">\n\t\t\t\t<div class=\"elementor-widget-container\">\n\t\t\t\t\t<h2 class=\"elementor-heading-title elementor-size-large\">Les mobilit\u00e9s de STAGE en EUROPE gr\u00e2ce \u00e0 la bourse ERASMUS+ <\/h2>\t\t\t\t<\/div>\n\t\t\t\t<\/div>\n\t\t\t\t<div class=\"elementor-element elementor-element-1de1008 elementor-widget elementor-widget-image\" data-id=\"1de1008\" data-element_type=\"widget\" data-e-type=\"widget\" data-widget_type=\"image.default\">\n\t\t\t\t<div class=\"elementor-widget-container\">\n\t\t\t\t\t\t\t\t\t\t\t\t\t\t\t<img decoding=\"async\" src=\"https:\/\/eurohiti.ddec.pf\/wp-content\/uploads\/2026\/02\/Convention-2025-2027-GUIDE-ERASMUS-EUROPE-2025-2026.pdf\" title=\"\" alt=\"\" loading=\"lazy\" \/>\t\t\t\t\t\t\t\t\t\t\t\t\t\t\t<\/div>\n\t\t\t\t<\/div>\n\t\t\t\t\t<\/div>\n\t\t<\/div>\n\t\t\t\t\t<\/div>\n\t\t<\/section>\n\t\t\t\t<section class=\"elementor-section elementor-top-section elementor-element elementor-element-615142e elementor-section-boxed elementor-section-height-default elementor-section-height-default\" data-id=\"615142e\" data-element_type=\"section\" data-e-type=\"section\">\n\t\t\t\t\t\t<div class=\"elementor-container elementor-column-gap-default\">\n\t\t\t\t\t<div class=\"elementor-column elementor-col-100 elementor-top-column elementor-element elementor-element-87d61cd\" data-id=\"87d61cd\" data-element_type=\"column\" data-e-type=\"column\">\n\t\t\t<div class=\"elementor-widget-wrap elementor-element-populated\">\n\t\t\t\t\t\t<div class=\"elementor-element elementor-element-9afbbcf elementor-widget elementor-widget-video\" data-id=\"9afbbcf\" data-element_type=\"widget\" data-e-type=\"widget\" data-settings=\"{&quot;youtube_url&quot;:&quot;https:\\\/\\\/youtu.be\\\/lOimo0UKmkY&quot;,&quot;video_type&quot;:&quot;youtube&quot;,&quot;controls&quot;:&quot;yes&quot;}\" data-widget_type=\"video.default\">\n\t\t\t\t<div class=\"elementor-widget-container\">\n\t\t\t\t\t\t\t<div class=\"elementor-wrapper elementor-open-inline\">\n\t\t\t<div class=\"elementor-video\"><\/div>\t\t<\/div>\n\t\t\t\t\t\t<\/div>\n\t\t\t\t<\/div>\n\t\t\t\t<div class=\"elementor-element elementor-element-8e6083a elementor-widget elementor-widget-image\" data-id=\"8e6083a\" data-element_type=\"widget\" data-e-type=\"widget\" data-widget_type=\"image.default\">\n\t\t\t\t<div class=\"elementor-widget-container\">\n\t\t\t\t\t\t\t\t\t\t\t\t\t\t\t<img loading=\"lazy\" decoding=\"async\" width=\"724\" height=\"1024\" src=\"https:\/\/eurohiti.ddec.pf\/wp-content\/uploads\/2023\/02\/Oceane-HAUMANI-BTS-CI-ERASMUS-2022-724x1024.jpg\" class=\"attachment-large size-large wp-image-5384\" alt=\"Mobilit\u00e9 de 2 mois de stage \u00e0 Barcelone gr\u00e2ce \u00e0 la mobilit\u00e9 ERASMUS+ pour valider son stage obligatoire \u00e0 l&#039;\u00e9tranger en BTS CI!\" srcset=\"https:\/\/eurohiti.ddec.pf\/wp-content\/uploads\/2023\/02\/Oceane-HAUMANI-BTS-CI-ERASMUS-2022-724x1024.jpg 724w, https:\/\/eurohiti.ddec.pf\/wp-content\/uploads\/2023\/02\/Oceane-HAUMANI-BTS-CI-ERASMUS-2022-212x300.jpg 212w, https:\/\/eurohiti.ddec.pf\/wp-content\/uploads\/2023\/02\/Oceane-HAUMANI-BTS-CI-ERASMUS-2022-768x1086.jpg 768w, https:\/\/eurohiti.ddec.pf\/wp-content\/uploads\/2023\/02\/Oceane-HAUMANI-BTS-CI-ERASMUS-2022-1086x1536.jpg 1086w, https:\/\/eurohiti.ddec.pf\/wp-content\/uploads\/2023\/02\/Oceane-HAUMANI-BTS-CI-ERASMUS-2022-1448x2048.jpg 1448w, https:\/\/eurohiti.ddec.pf\/wp-content\/uploads\/2023\/02\/Oceane-HAUMANI-BTS-CI-ERASMUS-2022-600x849.jpg 600w, https:\/\/eurohiti.ddec.pf\/wp-content\/uploads\/2023\/02\/Oceane-HAUMANI-BTS-CI-ERASMUS-2022.jpg 1587w\" sizes=\"100vw\" \/>\t\t\t\t\t\t\t\t\t\t\t\t\t\t\t<\/div>\n\t\t\t\t<\/div>\n\t\t\t\t<div class=\"elementor-element elementor-element-cf4a7b6 elementor-widget elementor-widget-image\" data-id=\"cf4a7b6\" data-element_type=\"widget\" data-e-type=\"widget\" data-widget_type=\"image.default\">\n\t\t\t\t<div class=\"elementor-widget-container\">\n\t\t\t\t\t\t\t\t\t\t\t\t\t\t\t<img loading=\"lazy\" decoding=\"async\" width=\"724\" height=\"1024\" src=\"https:\/\/eurohiti.ddec.pf\/wp-content\/uploads\/2023\/02\/Mahana-Seville-2022-724x1024.jpg\" class=\"attachment-large size-large wp-image-5386\" alt=\"Mobilit\u00e9 de stage ERASMUS+ \u00e0 S\u00e9ville\" srcset=\"https:\/\/eurohiti.ddec.pf\/wp-content\/uploads\/2023\/02\/Mahana-Seville-2022-724x1024.jpg 724w, https:\/\/eurohiti.ddec.pf\/wp-content\/uploads\/2023\/02\/Mahana-Seville-2022-212x300.jpg 212w, https:\/\/eurohiti.ddec.pf\/wp-content\/uploads\/2023\/02\/Mahana-Seville-2022-768x1086.jpg 768w, https:\/\/eurohiti.ddec.pf\/wp-content\/uploads\/2023\/02\/Mahana-Seville-2022-1086x1536.jpg 1086w, https:\/\/eurohiti.ddec.pf\/wp-content\/uploads\/2023\/02\/Mahana-Seville-2022-1448x2048.jpg 1448w, https:\/\/eurohiti.ddec.pf\/wp-content\/uploads\/2023\/02\/Mahana-Seville-2022-600x849.jpg 600w, https:\/\/eurohiti.ddec.pf\/wp-content\/uploads\/2023\/02\/Mahana-Seville-2022.jpg 1587w\" sizes=\"100vw\" \/>\t\t\t\t\t\t\t\t\t\t\t\t\t\t\t<\/div>\n\t\t\t\t<\/div>\n\t\t\t\t\t<\/div>\n\t\t<\/div>\n\t\t\t\t\t<\/div>\n\t\t<\/section>\n\t\t\t\t<section class=\"elementor-section elementor-top-section elementor-element elementor-element-ca71d33 elementor-section-boxed elementor-section-height-default elementor-section-height-default\" data-id=\"ca71d33\" data-element_type=\"section\" data-e-type=\"section\">\n\t\t\t\t\t\t<div class=\"elementor-container elementor-column-gap-default\">\n\t\t\t\t\t<div class=\"elementor-column elementor-col-100 elementor-top-column elementor-element elementor-element-baadd9e\" data-id=\"baadd9e\" data-element_type=\"column\" data-e-type=\"column\">\n\t\t\t<div class=\"elementor-widget-wrap\">\n\t\t\t\t\t\t\t<\/div>\n\t\t<\/div>\n\t\t\t\t\t<\/div>\n\t\t<\/section>\n\t\t\t\t<\/div>\n\t\t","protected":false},"excerpt":{"rendered":"<p>Qu&rsquo;est-ce que c&rsquo;est ? Un programme de la Commission Europ\u00e9enne.Il couvre plusieurs champs c&rsquo;est-\u00e0-dire l&rsquo;\u00e9ducation, la formation, la jeunesse et le sport. POURQUOI ? \u00c9tudier, se former, \u00e9changer, vivre de belles exp\u00e9riences Erasmus + : un programme pour l&rsquo;\u00e9ducation, la formation, la jeunesse et le sport Le nouveau programme Erasmus + vise \u00e0 soutenir des &hellip; <\/p>\n<p class=\"link-more\"><a href=\"https:\/\/eurohiti.ddec.pf\/index.php\/fqsgre\/\" class=\"more-link\">Lire la suite de<span class=\"screen-reader-text\">\u00ab\u00a0Erasmus+\u00a0\u00bb<\/span><\/a><\/p>\n","protected":false},"author":1,"featured_media":0,"parent":0,"menu_order":0,"comment_status":"closed","ping_status":"closed","template":"","meta":{"inspiro_hide_title":false,"footnotes":""},"class_list":["post-1793","page","type-page","status-publish","hentry"],"_links":{"self":[{"href":"https:\/\/eurohiti.ddec.pf\/index.php\/wp-json\/wp\/v2\/pages\/1793","targetHints":{"allow":["GET"]}}],"collection":[{"href":"https:\/\/eurohiti.ddec.pf\/index.php\/wp-json\/wp\/v2\/pages"}],"about":[{"href":"https:\/\/eurohiti.ddec.pf\/index.php\/wp-json\/wp\/v2\/types\/page"}],"author":[{"embeddable":true,"href":"https:\/\/eurohiti.ddec.pf\/index.php\/wp-json\/wp\/v2\/users\/1"}],"replies":[{"embeddable":true,"href":"https:\/\/eurohiti.ddec.pf\/index.php\/wp-json\/wp\/v2\/comments?post=1793"}],"version-history":[{"count":95,"href":"https:\/\/eurohiti.ddec.pf\/index.php\/wp-json\/wp\/v2\/pages\/1793\/revisions"}],"predecessor-version":[{"id":6372,"href":"https:\/\/eurohiti.ddec.pf\/index.php\/wp-json\/wp\/v2\/pages\/1793\/revisions\/6372"}],"wp:attachment":[{"href":"https:\/\/eurohiti.ddec.pf\/index.php\/wp-json\/wp\/v2\/media?parent=1793"}],"curies":[{"name":"wp","href":"https:\/\/api.w.org\/{rel}","templated":true}]}}